lculate the remainder when 4461 is divided by 46.
45
What is the remainder when 2445 is divided by 488?
5
Calculate the remainder when 3582 is divided by 23.
17
What is the remainder when 466 is divided by 59?
53
What is the remainder when 510 is divided by 9?
6
Calculate the remainder when 283 is divided by 30.
13
Calculate the remainder when 2502 is divided by 179.
175
Calculate the remainder when 539 is divided by 20.
19
What is the remainder when 565 is divided by 13?
6
Calculate the remainder when 749 is divided by 24.
5
What is the remainder when 176 is divided by 103?
73
What is the remainder when 2616 is divided by 112?
40
What is the remainder when 3370 is divided by 125?
120
What is the remainder when 238 is divided by 109?
20
What is the remainder when 1305 is divided by 26?
5
Calculate the remainder when 877 is divided by 110.
107
What is the remainder when 173 is divided by 158?
15
Calculate the remainder when 13 is divided by 3.
1
Calculate the remainder when 67 is divided by 28.
11
What is the remainder when 2058 is divided by 9?
6
Calculate the remainder when 1699 is divided by 100.
99
What is the remainder when 755 is divided by 376?
3
Calculate the remainder when 669 is divided by 27.
21
Calculate the remainder when 445 is divided by 28.
25
Calculate the remainder when 180 is divided by 14.
12
Calculate the remainder when 165 is divided by 65.
35
Calculate the remainder when 619 is divided by 69.
67
What is the remainder when 498 is divided by 100?
98
What is the remainder when 762 is divided by 7?
6
What is the remainder when 255 is divided by 20?
15
Calculate the remainder when 200 is divided by 52.
44
What is the remainder when 140 is divided by 80?
60
Calculate the remainder when 1068 is divided by 81.
15
What is the remainder when 244 is divided by 61?
0
Calculate the remainder when 533 is divided by 10.
3
What is the remainder when 199 is divided by 145?
54
Calculate the remainder when 2913 is divided by 45.
33
What is the remainder when 392 is divided by 22?
18
What is the remainder when 797 is divided by 16?
13
What is the remainder when 323 is divided by 110?
103
Calculate the remainder when 91 is divided by 14.
7
What is the remainder when 481 is divided by 161?
159
What is the remainder when 249 is divided by 50?
49
Calculate the remainder when 652 is divided by 109.
107
What is the remainder when 144 is divided by 20?
4
What is the remainder when 139 is divided by 38?
25
Calculate the remainder when 521 is divided by 7.
3
What is the remainder when 27212 is divided by 42?
38
Calculate the remainder when 4414 is divided by 46.
44
Calculate the remainder when 294 is divided by 77.
63
Calculate the remainder when 152 is divided by 74.
4
What is the remainder when 8112 is divided by 1349?
18
What is the remainder when 107 is divided by 26?
3
What is the remainder when 802 is divided by 16?
2
What is the remainder when 2316 is divided by 19?
17
Calculate the remainder when 1875 is divided by 109.
22
Calculate the remainder when 1648 is divided by 185.
168
Calculate the remainder when 557 is divided by 18.
17
What is the remainder when 130 is divided by 60?
10
Calculate the remainder when 487 is divided by 56.
39
Calculate the remainder when 26335 is divided by 26.
23
Calculate the remainder when 282 is divided by 21.
9
Calculate the remainder when 254 is divided by 85.
84
What is the remainder when 168 is divided by 45?
33
Calculate the remainder when 71 is divided by 26.
19
Calculate the remainder when 307 is divided by 142.
23
What is the remainder when 2059 is divided by 228?
7
Calculate the remainder when 7642 is divided by 182.
180
What is the remainder when 173 is divided by 84?
5
Calculate the remainder when 1935 is divided by 21.
3
What is the remainder when 104 is divided by 84?
20
Calculate the remainder when 125 is divided by 11.
4
Calculate the remainder when 85 is divided by 30.
25
What is the remainder when 236 is divided by 63?
47
Calculate the remainder when 11 is divided by 9.
2
What is the remainder when 8418 is divided by 3?
0
What is the remainder when 3358 is divided by 34?
26
What is the remainder when 883 is divided by 3?
1
What is the remainder when 45 is divided by 41?
4
What is the remainder when 1002 is divided by 81?
30
What is the remainder when 83 is divided by 29?
25
What is the remainder when 182 is divided by 82?
18
Calculate the remainder when 552 is divided by 15.
12
Calculate the remainder when 316 is divided by 64.
60
What is the remainder when 2868 is divided by 33?
30
Calculate the remainder when 640 is divided by 34.
28
What is the remainder when 337 is divided by 49?
43
Calculate the remainder when 620 is divided by 150.
20
Calculate the remainder when 195 is divided by 34.
25
Calculate the remainder when 26881 is divided by 95.
91
What is the remainder when 34 is divided by 16?
2
What is the remainder when 590 is divided by 37?
35
What is the remainder when 608 is divided by 5?
3
What is the remainder when 226 is divided by 27?
10
Calculate the remainder when 443 is divided by 112.
107
What is the remainder when 96 is divided by 39?
18
Calculate the remainder when 525 is divided by 48.
45
What is the remainder when 64 is divided by 5?
4
Calculate the remainder when 54 is divided by 15.
9
Calculate the remainder when 696 is divided by 28.
24
What is the remainder when 147 is divided by 8?
3
What is the remainder when 172 is divided by 64?
44
What is the remainder when 696 is divided by 54?
48
Calculate the remainder when 288 is divided by 132.
24
What is the remainder when 489 is divided by 35?
34
What is the remainder when 247 is divided by 119?
9
What is the remainder when 204 is divided by 39?
9
Calculate the remainder when 572 is divided by 84.
68
What is the remainder when 21783 is divided by 28?
27
Calculate the remainder when 694 is divided by 340.
14
What is the remainder when 2939 is divided by 57?
32
Calculate the remainder when 116 is divided by 108.
8
What is the remainder when 168 is divided by 61?
46
Calculate the remainder when 146 is divided by 17.
10
What is the remainder when 3908 is divided by 23?
21
Calculate the remainder when 113 is divided by 94.
19
Calculate the remainder when 59 is divided by 22.
15
Calculate the remainder when 14255 is divided by 88.
87
Calculate the remainder when 1883 is divided by 18.
11
What is the remainder when 1513 is divided by 88?
17
Calculate the remainder when 618 is divided by 69.
66
Calculate the remainder when 1343 is divided by 666.
11
Calculate the remainder when 647 is divided by 161.
3
What is the remainder when 402 is divided by 58?
54
Calculate the remainder when 11542 is divided by 74.
72
Calculate the remainder when 44 is divided by 15.
14
What is the remainder when 3865 is divided by 966?
1
Calculate the remainder when 412 is divided by 3.
1
Calculate the remainder when 49 is divided by 19.
11
Calculate the remainder when 3254 is divided by 5.
4
What is the remainder when 62 is divided by 20?
2
What is the remainder when 42 is divided by 15?
12
Calculate the remainder when 257 is divided by 65.
62
Calculate the remainder when 113 is divided by 30.
23
Calculate the remainder when 6395 is divided by 4.
3
Calculate the remainder when 529 is divided by 28.
25
What is the remainder when 88 is divided by 18?
16
What is the remainder when 2139 is divided by 63?
60
Calculate the remainder when 12582 is divided by 52.
50
Calculate the remainder when 2110 is divided by 116.
22
Calculate the remainder when 6086 is divided by 3041.
4
What is the remainder when 4184 is divided by 521?
16
What is the remainder when 231 is divided by 45?
6
What is the remainder when 93 is divided by 20?
13
Calculate the remainder when 125 is divided by 44.
37
Calculate the remainder when 943 is divided by 28.
19
Calculate the remainder when 1190 is divided by 60.
50
Calculate the remainder when 9314 is divided by 135.
134
What is the remainder when 311 is divided by 78?
77
Calculate the remainder when 1864 is divided by 28.
16
Calculate the remainder when 213 is divided by 67.
12
Calculate the remainder when 80 is divided by 39.
2
Calculate the remainder when 438 is divided by 7.
4
Calculate the remainder when 531 is divided by 13.
11
Calcu